 -3)) + 6 + 1?
-8
What is (51 - 63) + (4 - 1)?
-9
Calculate -2 - (7 - ((9 - 4) + 8) - -5).
-1
Evaluate -6 + (8 - -2) + (-22 - 0).
-18
What is -381 + 377 - (0 + 18)?
-22
What is the value of -3 - (-5 + -4) - (-6 + 2 + -3)?
13
-18 + -1 + 20 + -11
-10
What is (15 - 2) + 228 + -234?
7
Calculate 3 + -2 + (-20 - (-29 - -2)).
8
(28 + -11 - 3) + -18
-4
Evaluate (2 - 29) + -14 - -69.
28
Calculate (11 - 13) + (4 - (3 + -3) - 6).
-4
7 + 1 + (11 + -28 - -9) + 4
4
(12 - 16) + -2 + 18
12
3 - (-4 - -3) - (-72 + 82)
-6
What is the value of -26 + 8 + -8 + (-1 - -8) + 1?
-18
Calculate 4 + 0 + 5 - -22.
31
What is the value of 1 + 19 - (8 + 34 - 44)?
22
Calculate 18 + -1 - (2 + -1 + 4 - 2).
14
-7 + -1 - (-27 - -11) - 16
-8
11 - 7 - (-28 + 0) - (0 + 8)
24
What is 2 - ((7 - 7) + -4 + 17)?
-11
Evaluate (-7 - -16) + -9 + -9.
-9
Calculate 2 - (-30 + -3) - 17.
18
Calculate -5 + 5 + (-8 - -3) + 1 + -12.
-16
Calculate 0 + -2 + 2 + -10 + 2 + -1.
-9
Calculate 2 - 4 - (5 + (-17 + -4 - -9)).
5
What is -16 + 10 + -3 + 2?
-7
Evaluate -127 - -113 - (-16 + -7).
9
Calculate 48 - (3 + (8 - -18)).
19
Calculate -348 + 352 + 14 + 1 + -3.
16
What is 2 + -21 + 10 + (-2 - 5)?
-16
What is 24 + -21 - -18 - 15?
6
14 - -1 - (-172 - -164)
23
Evaluate (8 + 1 - -9) + (3 - 42).
-21
-22 - (22 + 11 + -64)
9
Evaluate (3 - (-4 - -10)) + 0 + -3.
-6
(8 - 5) + (3 - (-8 - -2))
12
What is -9 - ((-54 - -40) + (-3 - -11))?
-3
4 + (-9 - 4) - -20
11
Calculate (-44 - -42) + 1 + 24 + 1 + -3.
21
Calculate (39 - 34) + (3 - (-5 + 2)).
11
What is (12 - (14 - 18)) + -20 - -15?
11
2 - -1 - (5 - (25 + -26))
-3
-1 + -4 + (-9 - -4) + -19 + 17
-12
6 + (-9 + (8 - 3) - -7)
9
What is (-60 - -84) + (-2 - 27)?
-5
What is the value of 3 + 1 + (-3 - -16 - 16)?
1
Calculate 10 - (28 + 21 - 23).
-16
What is the value of (2 - 4 - 1) + (37 + -100 - -47)?
-19
13 - (-12 - (-9 + -6)) - (4 + 0)
6
What is the value of (-3 - 4) + (67 + -29 - 31)?
0
What is the value of -10 - (-6 - (3 + -8 - -4))?
-5
Evaluate -38 - -54 - (0 + -14) - (10 - 6).
26
Evaluate -26 + 58 + -26 - 4.
2
What is 0 + -4 + 1 + 4 - -1?
2
29 - (-1 - -5) - (4 - (10 - 3))
28
Calculate 24 - (6 - -11 - 11).
18
Evaluate 0 + -15 + (-215 - -216).
-14
What is the value of -4 + -2 + (3 + -5 - (4 - 1))?
-11
Calculate 36 - 37 - (6 + 0).
-7
(-7 - -16 - 26) + 11 - -22
16
Calculate (30 - 21) + (7 - (8 - -37)).
-29
What is the value of (14 + -15 + -6 - 6) + -25?
-38
0 + -8 + (-9 - (-29 - -3)) + -1
8
-6 - ((-6 - -2) + (-2 - -3) + 2)
-5
Evaluate 2 - (-1 + -5) - 5 - (3 - 10).
10
Calculate 3 + (13 - 5) - (-99 + 101).
9
What is -32 + 30 + -25 + 53?
26
(12 - -1 - 3) + -8
2
Evaluate -6 + 2 + (-131 - -135).
0
What is the value of 4 + -4 + 16 + 1 + (-33 - -33)?
17
What is the value of 4 - 1 - 0 - (67 - (-25 + 89))?
0
Evaluate 18 + -24 + (4 - 3) + -1.
-6
What is -14 + 2 + (-7 - -5) + 3 + -6?
-17
Calculate -240 + 263 - (1 - -14).
8
What is the value of (-231 - -224) + (-1 - -1 - 11)?
-18
Evaluate 13 - ((38 - 34) + -5 + -3).
17
Calculate 10 - (12 + -14) - 8.
4
Evaluate -1 + 4 - (1 + 11).
-9
What is 2 - (9 - (18 + -10)) - (-5 - 17)?
23
Evaluate (-8 - (4 - (-8 + 18)) - -31) + -11.
18
Calculate 33 - (42 + -4) - (3 + 1).
-9
9 - (30 + -1 + -17)
-3
Calculate 32 - (8 + 9 + -6) - (-3 - 1).
25
2 + -3 - (8 - (1 + -3))
-11
Evaluate (-2 - (-11 - -2)) + (18 - (-27 - -44)).
8
What is the value of (6 - 17 - 10) + 18?
-3
What is the value of -44 - -44 - (-8 + 2) - 0?
6
Evaluate 4 - (49 + (-5 - 14)) - -7.
-19
What is -11 + 1 + 3 - -12?
5
Calculate 24 - ((32 - 26) + 7).
11
(-53 - (-44 + 26)) + 68
33
What is the value of -3 - (-5 + 23 + 2 + -10 - 13)?
0
What is (-2 + (1 - -6) - 1 - -2) + -28?
-22
Calculate 2 + 1 + (0 - (-10 - (-12 + 1))).
2
What is the value of 3 + -6 + -5 + -11?
-19
16 + -9 + (7 - -14) - 9
19
Evaluate 6 - 18 - (-10 - -21 - 12).
-11
What is 2 + (-33 - -51) + -4?
16
-3 + 4 + 8 + 0 + -10
-1
Calculate (6 - (-14 - -31)) + (-2 - (2 + -3)).
-12
What is 22 + 0 - ((19 - (11 + -6)) + -7)?
15
What is the value of 0 + (-13 + (-11 - -18) - (1 + -14))?
7
Calculate -123 + 129 - (2 - (-1 - -4 - 22)).
-15
What is the value of 3 + -2 + (26 - 25) - -3?
5
Evaluate -15 - -12 - (-32 - -3).
26
What is the value of 24 - 6 - 16 - (1 - -15)?
-14
(-9 - -42) + (2 + -6 - (-33 + 33))
29
What is 0 - -1 - -4 - -14 - 7?
12
What is the value of -11 - -6 - ((12 - 27) + 6)?
4
-20 + 16 + (-13 - 0) + -8
-25
-25 + (-2 - -16) - (2 + 1)
-14
What is -4 + 23 - (25 - (-16 + -6))?
-28
Evaluate 1 + (6 - 9) + 12.
10
Calculate 0 - (39 - -8 - 11) - (-10 - -4).
-30
5 + 11 + 1 + -4 + (4 - 2)
15
-4 - (-5 - (-4 + -1 + 3) - 13)
12
Calculate 5 - 7 - -7 - 0.
5
What is 1 + (1 - 8) + 15 + -1?
8
-5 + (2 - -3) + 5 + -13
-8
What is -13 + 17 - (13 - 21)?
12
-7 + (-8 - (14 - 13) - -23)
7
What is 30 - (-8 - (7 + -8 + 8 + -24))?
21
Calculate (-2 - (-21 - -8)) + -26 + 15.
0
Calculate -1 - 5 - (-3 - -7).
-10
-44 + -60 - -44 - -35
-25
What is the value of -31 + 42 + 4 + (-14 - (-5 + 5))?
1
-3 + (-27 + 36 - -11)
17
Calculate -11 - ((6 - -14) + -15 + (-12 - 0)).
-4
What is (-1 - ((-8 - -8) + 8)) + 16?
7
Calculate 12 - ((36 - 39) + 1 + 6).
8
What is 15 + 8 + -14 + (4 + -5 - -14)?
22
9 + (55 + -63 - (1 - 2))
2
Calculate (-1 - (20 + -30)) + 17.
26
Evaluate -6 + 7 + (4 + -6 + 4 - 0).
3
Evaluate -5 - (-5 + -6 - -24) - -38.
20
18 + 21 + -17 + (-4 - (-4 + 0))
22
What is (3 - -8) + 7 + 9 + -43?
-16
Calculate 6 + (-48 - (-24 - -17)).
-35
What is the value of 6 + (3 - (7 + 2))?
0
Evaluate 5 + -4 + (-5 - (5 + -14 + 6)).
-1
Evaluate (1 - 11) + -13 + (16 - 9).
-16
Calculate -61 + 42 - ((0 - (-4 - 9)) + -3).
-29
-5 - (-16 + 8) - (-27 - (-22 - -8))
16
3 + -3 - (-12 + (19 - (10 + -6)))
-3
(-1 - -2 - -1) + (398 - 393) - 2
5
Evaluate 19 - (36 - (52 - 38)).
-3
Evaluate -2 + (-14 - -9) + 6.
-1
Evaluate 8 + (-1 - (-11 - -9)) + -30 + 1.
-20
What is -6 + 27 + 7 + -25?
3
What is the value of (4 - 24) + (16 - 0)?
-4
What is the value of (2 - -8) + (-10 - -11) + -7?
4
What is the value of 15 + (-7 - (-6 - 10)) + -20?
4
13 - (11 + (11 - (25 - 14)))
2
What is the value of (3 - 23) + 3 + (5 - (2 + 1))?
-15
What is 11 + 5 - (5 + 1)?
10
What is 24 + 1 + (-13 - (-9 - -12) - -8)?
17
Evaluate -6 - (-7 - -15) - -28.
14
Evaluate 15 - (9 - (5 - (-1 + 0))).
12
Evaluate 2 - ((-11 + 18 - 8) + -4 - 1).
8
What is the value of -13 - (-5 - 3) - 1 - -3?
-3
0 + (-9 + 6 - -38) + (-13 - -6)
28
What is the value of 8 - 5 - 1 - 11?
-9
Calculate -20 + (-15 - -36 - 4).
-3
What is -4 + (9 - (-12 - -31))?
-14
Evaluate (1 - 1) + (-30 - -24) + -3.
-9
(4 - (2 - 0)) + 9 - 4
7
What is -18 - (-15 - (-16 + -7 + 12))?
-14
What is the value of 10 + (-8 + 10 + -27 + 4 - 3)?
-14
Evaluate -1 + 3 + 1 - (-16 + 21).
-2
Calculate 25 + (-13 - -10) - 11.
11
Calculate 9 + (2 + 0 + (6 - 16) - 7).
-6
What is the value of (4 + 18 - 20) + -2 + 25?
25
What is the value of (-1 - (2 - 14)) + -16?
-5
Evaluate 1 + -1 + -9 + 16.
7
What is the value of 2 + 1 + 0 - (7 - (-2 - -8))?
2
Evaluate 2 - ((-4 - 1) + (-19 - -19)).
7
Evaluate (-16 - (-24 + 3) - 10) + (-7 - 2).
-14
What is (-5 - -2) + -9 + 4?
-8
What is the value of -1 + 12 + (-8 - (3 - (17 + -7)))?
10
Calculate 8 + (17 - (31 + -6)).
0
What is the value of (-4 - -28) + -11 - -14?
27
Evaluate 34 - -7 - 58 - -1.
-16
What is the value of -6 + (-5 + 5 + 4 - 2 - 6)?
-10
-23 - (-3 - (-9 - -16))
-13
What is (-4 - ((-3 - -8) + 1)) + 2?
-8
Evaluate -3 + 4 + (2 - 15) + 9.
-3
1 + (19 - (20 + -6 + -8))
14
-4 + 6 - (-4 + 2 + 1 - -7)
-4
Evaluate 2 + (0 - -1 - -1 - 0).
4
Calculate (17 - (-53 + 46)) + 1.
25
Evaluate -10 - ((4 - 12) + -5 + -7).
10
-2 + 5 - -4 - (3 + (18 - 8))
-6
What is the value of 7 + -4 + 11 + -18 + (17 - 1)?
12
What is the value of 3 - (-35 + (-30 - -44))?
24
Calculate (-28 - 1) + -136 + 154.
-11
(0 - 4) + -23 + 17 + -1
-11
Evaluate -72 + (45 - 4) + -6.
-37
Evaluate 11 + (-7 - -2 - -1) + -169 + 151.
-11
What is the value of 1 + -1 + 1 - (53 + -144 - -100)?
-8
Evaluate 1 + -3 - (50 - 65 - -11).
2
What is the value of (-52 - -86) + -27 - (-2 - -24)?
-15
Evaluate 1 - 7 - (-90 + 77 + (1 - 3)).
9
What is the value of 5 + (-23 - 9) + 9?
-18
16 - 14 - -1 - 3
0
Evaluate -7 - 9 - ((-7 - -6 - -4) + -3).
-16
(0 - 1) + 20 + 7 + -18
8
Calculate 0 + -2 - (22 - 35) - (4 - -7).
0
What is the value of (14 + -13 - -25) + -25?
1
Evaluate (-6 - (1 - 26)) + -58 + 56.
17
Evaluate (-8 - (13 + -11)) + -1.
-1